
Is 3293 a factor of 880928633?
False
Is 523690930 a multiple of 98?
True
Does 1001 divide 70664594?
True
Does 1660 divide 161261673?
False
Is 52 a factor of 27412528?
True
Is 4336423476 a multiple of 28?
True
Is 790737282 a multiple of 358?
False
Is 202 a factor of 17457804?
False
Is 1962 a factor of 500168736?
True
Is 525083292 a multiple of 23?
False
Is 7 a factor of 10693012?
False
Is 1115 a factor of 226117540?
True
Is 1314515596 a multiple of 3772?
True
Does 2 divide 8260126?
True
Does 24 divide 19088445?
False
Is 49 a factor of 34664462?
True
Is 539 a factor of 30671795?
True
Does 16 divide 148700816?
True
Is 30243791 a multiple of 267?
False
Is 210893160 a multiple of 285?
True
Does 25 divide 118670250?
True
Does 11 divide 20406283?
False
Is 24743844 a multiple of 174?
True
Is 51659412 a multiple of 874?
False
Is 193 a factor of 87544124?
False
Is 95384352 a multiple of 16?
True
Does 66 divide 46564302?
False
Does 116 divide 44263744?
True
Is 198 a factor of 130585752?
True
Does 8 divide 3062557084?
False
Is 8 a factor of 6615640?
True
Is 64741747 a multiple of 8?
False
Does 5142 divide 118769914?
False
Is 57275930 a multiple of 955?
False
Is 4146 a factor of 314889950?
False
Is 23070263 a multiple of 55?
False
Is 1562496 a multiple of 32?
True
Is 1380 a factor of 26983140?
True
Is 3902420007 a multiple of 12?
False
Does 4 divide 13181967?
False
Is 5 a factor of 568839300?
True
Is 20607708 a multiple of 53?
False
Is 142115308 a multiple of 268?
True
Is 74833366 a multiple of 168?
False
Is 106 a factor of 1073117?
False
Is 41869362 a multiple of 158?
False
Is 282 a factor of 374011806?
True
Does 1441 divide 29381810?
False
Is 13 a factor of 240132145?
False
Does 7253 divide 2518830980?
False
Is 528 a factor of 31000464?
True
Does 5 divide 22354082?
False
Does 21 divide 4322115?
True
Is 37 a factor of 19599270?
True
Does 1042 divide 12611325?
False
Is 138 a factor of 14544068?
False
Does 222 divide 5089299?
False
Is 7959646 a multiple of 61?
True
Is 2778 a factor of 82103790?
True
Does 388 divide 297491240?
True
Does 50 divide 18895717?
False
Is 1492940483 a multiple of 5360?
False
Is 199424407 a multiple of 800?
False
Is 15999165 a multiple of 65?
True
Is 141955063 a multiple of 53?
False
Is 2881 a factor of 39659846?
True
Is 420340215 a multiple of 17?
True
Is 3331 a factor of 996776236?
False
Is 157901373 a multiple of 33?
False
Is 54 a factor of 8675061?
False
Is 203782888 a multiple of 615?
False
Is 173 a factor of 527901036?
False
Is 63896722 a multiple of 1124?
False
Is 14222335 a multiple of 7?
False
Is 579 a factor of 2013873747?
True
Is 45 a factor of 141136125?
False
Does 3038 divide 425620762?
True
Is 2759229 a multiple of 99?
True
Does 2936 divide 18365459?
False
Is 1176 a factor of 8902729?
False
Is 42187594 a multiple of 324?
False
Is 88364820 a multiple of 3525?
False
Is 13129930 a multiple of 8?
False
Is 500411100 a multiple of 25?
True
Does 40 divide 107970120?
True
Is 463538894 a multiple of 202?
True
Does 6 divide 87936750?
True
Is 1580 a factor of 57772700?
True
Is 36549831 a multiple of 179?
True
Is 12 a factor of 21661836?
True
Does 1397 divide 2711754419?
True
Does 80 divide 226621360?
True
Is 72 a factor of 1509944611?
False
Is 150217158 a multiple of 2067?
True
Is 51141964 a multiple of 566?
False
Is 4 a factor of 4221438?
False
Does 49 divide 7988519?
True
Is 17 a factor of 78553702?
True
Does 4 divide 151042486?
False
Is 5 a factor of 124153575?
True
Is 10 a factor of 584952740?
True
Is 1477 a factor of 391715566?
False
Is 35 a factor of 185802680?
True
Does 112 divide 55313112?
False
Is 1137 a factor of 94308201?
False
Is 34 a factor of 13858536?
True
Is 1775650212 a multiple of 7014?
True
Is 243 a factor of 28984909?
False
Is 156111714 a multiple of 114?
True
Does 20 divide 2312220?
True
Is 25266864 a multiple of 139?
True
Is 113861357 a multiple of 25?
False
Is 2148569 a multiple of 8?
False
Does 8 divide 31342?
False
Does 9860 divide 1248280706?
False
Is 19541832 a multiple of 4?
True
Is 14245852 a multiple of 1775?
False
Is 239249376 a multiple of 32?
True
Is 391620621 a multiple of 178?
False
Is 28 a factor of 51077460?
True
Is 3311 a factor of 216920165?
True
Does 1090 divide 68845590?
False
Does 20 divide 67041946?
False
Is 216 a factor of 5314680?
True
Does 244 divide 55885336?
False
Is 37 a factor of 491716125?
True
Is 24 a factor of 160871831?
False
Is 1088 a factor of 4193606105?
False
Is 503 a factor of 49220562?
True
Is 128 a factor of 682885098?
False
Does 87 divide 3120603?
True
Does 772 divide 169625441?
False
Is 483769968 a multiple of 1776?
True
Is 1481452440 a multiple of 520?
True
Is 14454981 a multiple of 493?
False
Does 62 divide 88983020?
True
Does 1308 divide 80389554?
False
Is 122886860 a multiple of 265?
True
Is 43200388 a multiple of 1244?
True
Is 23037129 a multiple of 78?
False
Does 5 divide 42044043?
False
Is 2501948799 a multiple of 42?
False
Does 1567 divide 1527480260?
True
Is 180 a factor of 1427362?
False
Is 5842 a factor of 281502612?
True
Does 12 divide 54954414?
False
Is 359 a factor of 25838366?
False
Is 1890659464 a multiple of 4?
True
Does 27 divide 118981327?
False
Is 7898680 a multiple of 361?
True
Does 3138 divide 199140248?
False
Does 1923 divide 106796942?
False
Does 14 divide 1771658864?
False
Does 270 divide 2783957580?
True
Is 916434013 a multiple of 8?
False
Is 1921 a factor of 2429899794?
True
Is 282480 a multiple of 528?
True
Does 75 divide 3767064075?
True
Does 34 divide 469208942?
True
Is 11 a factor of 192582415?
False
Is 310533718 a multiple of 11?
True
Is 2445477992 a multiple of 5396?
True
Is 3479191232 a multiple of 176?
True
Is 8 a factor of 60249715?
False
Does 631 divide 42381746?
True
Does 9 divide 36301761?
True
Is 39506249 a multiple of 120?
False
Is 41498683 a multiple of 1148?
False
Is 102 a factor of 114619751?
False
Is 181 a factor of 97388136?
True
Is 80 a factor of 41948320?
True
Is 399148872 a multiple of 1356?
False
Is 119 a factor of 50731157?
False
Is 62063372 a multiple of 13?
False
Does 38 divide 1355464482?
False
Is 15 a factor of 150695334?
False
Does 45 divide 301452840?
True
Is 813479184 a multiple of 126?
True
Is 20484676 a multiple of 2263?
True
Is 7753484 a multiple of 92?
True
Does 19 divide 47781675?
True
Is 16 a factor of 27647252?
False
Is 461564022 a multiple of 186?
True
Is 1242126585 a multiple of 7?
True
Is 102 a factor of 99915336?
False
Is 9745690 a multiple of 5?
True
Is 467966080 a multiple of 515?
True
Does 444 divide 1135727136?
True
Is 23619425 a multiple of 51?
False
Is 15 a factor of 30013862?
False
Does 280 divide 19782000?
True
Is 6175 a factor of 274355250?
True
Is 14 a factor of 5988439562?
True
Is 73 a factor of 90357721?
True
Is 70 a factor of 12921300?
True
Is 751 a factor of 9049550?
True
Is 12 a factor of 815810688?
True
Does 945 divide 2336966699?
False
Is 62812778 a multiple of 46?
False
Does 17 divide 30355727?
True
Does 30 divide 49795104?
False
Is 2889957056 a multiple of 1413?
False
Is 16251351 a multiple of 137?
True
Is 829 a factor of 250115932?
True
Does 382 divide 9354798?
True
Is 295696964 a multiple of 1243?
False
Does 2822 divide 47367270?
True
Is 240 a factor of 783658918?
False
Is 70261037 a multiple of 77?
True
Is 185287728 a multiple of 36?
False
Is 30256184 a multiple of 818?
True
Is 283064759 a multiple of 542?
False
Is 498 a factor of 1266034026?
True
Is 52678995 a multiple of 52?
False
Is 26 a factor of 270018008?
True
Does 341 divide 10110991?
True
Is 2918 a factor of 13714600?
True
Does 2031 divide 26924967?
True
Is 509754300 a multiple of 4?
True
Is 24 a factor of 485755213?
False
Does 12 divide 45788898?
False
Is 1218628312 a multiple of 19?
False
Is 551 a factor of 2738470?
True
Is 523108734 a multiple of 14?
False
Does 393 divide 2232333927?
True
Is 14637834 a multiple of 6?
True
Does 7 divide 752690953?
True
Does 145 divide 7881040?
True
Does 613 divide 18780481?
True
Is 8478752 a multiple of 142?
False
Does 2865 divide 1223936595?
True
Is 787915856 a multiple of 13?
True
Does 248 divide 11072380?
False
Is 97 a factor of 397198898?
True
Does 173 divide 120341827?
False
Does 76 divide 47637484?
True
Is 196 a factor of 85013040?
True
Does 40 divide 1502293?
False
Does 11